he prime factors of (-5927824)/(-192) + -22 + 1/(-12).
2, 3, 857
Let a(g) = g - 41*g**3 - g**2 - 3 + 17*g**3 + 17*g**3. Let n be a(-2). Let c = 117 - n. List the prime factors of c.
2, 5, 7
Let d(h) = -15*h + 5. Let c be d(0). Suppose 0 = c*k - 4*f - 8780, 5*f + 8740 = 5*k + 9*f. What are the prime factors of k?
2, 3, 73
Let j(g) = g**2 - 19*g - 149. Suppose -42 = -4*s + 122. List the prime factors of j(s).
3, 251
Suppose -i + 6*t + 630 = -1269, -3*i + 5651 = 5*t. List the prime factors of i.
3, 17, 37
Let j(v) = 47*v - 5. Let p(n) = -n + 1. Let h(l) = -j(l) + 4*p(l). Let b be h(-3). Suppose -2 = 2*q - b. List the prime factors of q.
2, 5
Let g(r) = -r**3 + 4*r**2 + 2*r + 5. Let y be g(4). Let a = 1551 + -1526. Let v = a - y. List the prime factors of v.
2, 3
Let i be 7/(140/24)*20/6. What are the prime factors of 33/(i/(-38) + (-828)/(-5700))?
3, 5, 11
Suppose -11 = 2*y - 3. Let r be y + 2 - (-23)/(-1). Let s = r + 52. What are the prime factors of s?
3
What are the prime factors of (13219/2)/((-16 - -32)/32)?
13219
Let p(d) = -4*d**3 + 5*d**2 + 30*d + 14. Let t be p(-6). Suppose -550 = -4*r + t. What are the prime factors of r?
3, 7, 17
Let k be (5 - 4 - -2)/(0 - -1). Let f(c) = -11*c**2 - k*c + 7*c**2 + 5*c**2 + 9. What are the prime factors of f(5)?
19
Suppose 0 = 4*y - 194 - 282. Suppose -y = -0*d + d. Let c = -47 - d. What are the prime factors of c?
2, 3
Suppose -4*f + 551 = -393. Let s = 47 - -1. Suppose -44*t = -s*t + f. List the prime factors of t.
59
Let g = -881 - -1542. Suppose 5*p + g - 4316 = -5*d, -p = 2*d - 1461. List the prime factors of d.
2, 5, 73
Let i(u) = 4*u - 108. Let d be i(29). Suppose 4*n - 5*l - 4656 = 0, -3*n = 13*l - d*l - 3457. What are the prime factors of n?
19, 61
Let f(b) = -10386*b**3 - 14*b**2 - 8*b + 2. List the prime factors of f(-1).
2, 29, 179
Suppose 9*z = 15*z - 18. Suppose -4*h = -z*h - 34. Suppose 2*d + h = 4*d. What are the prime factors of d?
17
Let d(j) = j**3 + 9*j**2 + 5*j - 6. Let h = 63 + -59. Suppose -49 = h*a - 25. List the prime factors of d(a).
2, 3
Let h be (0 - 6/(-7))*(-14)/(-3). Suppose h*x = 11*x - 2800. Suppose i - 98 = n, -4*i - 5*n = -n - x. What are the prime factors of i?
3, 11
Suppose -59 = 4*i - 495. Suppose -2*u + i + 229 = 0. Suppose x = -j + u, x = -0*j + 4*j + 189. What are the prime factors of x?
173
Let d = 1752 + -1746. Let q = 110 + -73. Let p = q + d. List the prime factors of p.
43
Let v(t) = 9*t**2 + 427*t - 19. What are the prime factors of v(-63)?
13, 677
Let x(w) = 2*w**2 + 2. Let m be x(0). List the prime factors of m/(1/(-1163)*-2).
1163
Let h(u) = -34*u**3 + 3*u + 10. List the prime factors of h(-3).
919
Let k(q) = 146*q**2 - 13*q - 28. Let b be (-4)/30 - 43/15*1. What are the prime factors of k(b)?
5, 53
Let f be 21 - 8 - (4 + 1). Suppose f*j - 468 = 4*j. List the prime factors of j.
3, 13
Let z = -1655 + 2536. Let o = z + -305. What are the prime factors of o?
2, 3
List the prime factors of 33466/(18/(-36)*-4).
29, 577
Let j = 6 - -316. Let i = 515 - j. What are the prime factors of i?
193
What are the prime factors of -3*(-1 - 0) - (-1099829)/113?
2, 1217
Let t be (-4)/(-20) - 2858/(-10). Let j = 531 + -680. Let u = j + t. List the prime factors of u.
137
Let h(p) = -42*p**2 + 17*p + 16. Let d be h(-1). Let z(a) = a**2 + 30*a + 151. List the prime factors of z(d).
2, 5, 71
Let d(q) = -q**3 - 13*q**2 - q - 31. Let n(z) = 25*z + 4. Let h be n(2). Let x = h + -68. List the prime factors of d(x).
179
Suppose -15*k + 33876 = 8166. Suppose -8*m = -6*m + 3*n - k, -3*n = 0. List the prime factors of m.
857
Let a(i) = 5 + 435 - 12*i - i**2 + 11*i - 91. What are the prime factors of a(0)?
349
Suppose 0 = 4*a - 5*t - 27588, -3*a - 117*t + 118*t + 20702 = 0. List the prime factors of a.
2, 7, 17, 29
Let q(b) = 36*b + 4498. List the prime factors of q(-11).
2, 7, 293
Let w = 14067 + -8200. List the prime factors of w.
5867
Suppose -5*i + 149 + 491 = 0. Suppose 0 = 4*v - 3*o - 132, -4*v + i = -15*o + 11*o. List the prime factors of v.
2, 3
Let w(v) = 169*v**2 - 143*v + 114. What are the prime factors of w(8)?
2, 3, 7, 233
Let n = 278 - 107. Suppose -188*r + n*r + 11747 = 0. What are the prime factors of r?
691
Suppose 19*o = 15*o + 4624. List the prime factors of o.
2, 17
Let m(j) = -j**3 - 10*j**2 - 28*j - 44. Let k(p) = -p**3 - 21*p**2 - 14. Let b be k(-21). List the prime factors of m(b).
2, 283
Let c(h) = -10*h + 43. Let p be c(4). Suppose p*s = -3*d + 3108, 2*d = -9*s + 8*s + 1038. List the prime factors of s.
2, 11, 47
Let r(y) = 2*y**2 - y - 12. Let n(g) = g**2 + g + 10. Let o be n(0). Let v be r(o). List the prime factors of (v/6)/((-2)/(-6)).
89
Let i be (-69)/(-2)*(-172)/(-6). Suppose v + 4*d = i, -3*v = 2*d - 3357 + 430. List the prime factors of v.
7, 139
Suppose -5*t - l - 9 = 0, -7*t + 5*l = -2*t + 15. Let g be 3859/(-34) + 1/t. Let i = g - -177. What are the prime factors of i?
3, 7
Suppose -5*w = -z - 11608, 4*w - z - 7056 - 2230 = 0. Let c = w + -1258. What are the prime factors of c?
2, 7, 19
Suppose z = 2*w + 53, 0*w + 5*w - 295 = -5*z. Suppose -z = -6*k - 3. Suppose 92 = o - h - 7, 3*h = -k. What are the prime factors of o?
2, 3
Suppose 5*j + 4*l - 25073 = 0, 3*j - 3389 - 11668 = 2*l. What are the prime factors of j?
29, 173
Let f(q) = 41*q**2 + 525*q - 150. List the prime factors of f(-41).
2, 23623
Let p(j) = -j**2 - 7*j + 6. Let n be p(7). Let y = 219 - 183. Let b = y - n. What are the prime factors of b?
2
List the prime factors of (13288/(-16) + -5)/(6/(-12)).
3, 557
Suppose -2*w = y - 148, w - 751 = -5*y + 2*w. Suppose y = -3*o + 8*o. Suppose o*d = 32*d - 320. What are the prime factors of d?
2, 5
Suppose -32*h + 685675 = 94123. List the prime factors of h.
2, 3, 13, 79
Suppose -d - 4*d + 90 = 0. Suppose -568 = d*n - 17*n. Let u = n - -874. What are the prime factors of u?
2, 3, 17
Let v = 2576 + 2337. What are the prime factors of v?
17
Let q(k) = k - 3. Let l(m) = 2*m - 20. Let b(p) = -l(p) + 3*q(p). Suppose 0 = -4*t - 17 + 73. What are the prime factors of b(t)?
5
Suppose -4*p + 788 = 2*o, 2*p + p - 1970 = -5*o. Let f = o - 108. List the prime factors of f.
2, 11, 13
Let h = 446 + 561. Let d = h + -557. List the prime factors of d.
2, 3, 5
Suppose -10990 = -5*i - 5*h + 10*h, -3*h + 4381 = 2*i. Suppose -9*r = -2017 - i. List the prime factors of r.
2, 3, 13
Let z(g) = -20*g - 421. Let t be z(-26). Let v = 369 - t. List the prime factors of v.
2, 3, 5
Let o be 28/(-266) + (-448)/76. What are the prime factors of -2732*((-52)/8 - o)?
2, 683
Suppose 0 = 3*t + 5*a - 85194 - 4718, 0 = 2*a - 14. What are the prime factors of t?
29959
Let s be -2 + 1 - (3 - 1). Let p be s + 6/3 - -22. Suppose 572 = -17*m + p*m. What are the prime factors of m?
11, 13
Let q be 1*(-15858)/(-1) + -7. Suppose 18*n - q = 7*n. List the prime factors of n.
11, 131
Suppose -61*j = 34 + 27. Let a = -2 + 1. What are the prime factors of (-42)/12*(j + 1/a)?
7
Let f = -121 + 337. Suppose 7 + 18 = 5*b. Suppose 0 = -a + b*w + 120, -2*w = -2*a - 0*a + f. List the prime factors of a.
3, 5, 7
Let k = -57 - -59. Let o be (-30)/(-18) + 3 + k/6. Suppose -4*p + 1185 = -5*i, 0*p - 1135 = -4*p - o*i. List the prime factors of p.
2, 5, 29
Let w(b) = 5*b**2 + 3*b - 1. Let d = -52 - -24. Let y = 33 + d. What are the prime factors of w(y)?
139
List the prime factors of (-15)/90 - ((-637068)/72 - -9).
8839
List the prime factors of (9272 + 0)/(-31 - 1953/(-62)).
2, 19, 61
Suppose -76*l + 311555 = -150905. What are the prime factors of l?
5, 1217
What are the prime factors of (2510/14 + -7)*84?
2, 3, 67
Suppose -j + 0*p + 2*p = -51, 240 = 4*j + p. Suppose 0 = 4*n, -3*f + 14 = -4*n + j. List the prime factors of -3*(-2 + f)*4/12.
17
List the prime factors of (-953815)/(-210)*7 - (0 - (-2)/(-12)).
2, 3, 7, 757
Let w(c) = 411*c + 70. Let h be w(-6). What are the prime factors of (27/9)/((-12)/h)?
599
Suppose -j + 4*j = 15*j. Suppose a + 10 - 18 = j. List the prime factors of a.
2
Let t(d) = 4*d**2 + d - 1. Let y(j) be the first derivative of -j**3/3 + 8*j**2 - 21*j + 4. Let w be y(15). List the prime factors of t(w).
137
Let c = 11 - -45. Suppose -10*p - 16 = -c. Suppose 596 = 5*h - 3*h + 5*n, 3*h = -p*n + 894. What are the prime factors of h?
2, 149
Suppose -3*d + 15 = 2*d, 3*d + 2199 = 4*l.